is the highest common factor of 24 and 4304?
8
Calculate the greatest common factor of 559 and 774.
43
Calculate the greatest common divisor of 68 and 172.
4
What is the highest common factor of 230 and 46?
46
What is the highest common divisor of 2556 and 108?
36
What is the highest common divisor of 9 and 116?
1
Calculate the greatest common factor of 34 and 527.
17
Calculate the greatest common divisor of 52 and 36.
4
What is the highest common divisor of 54 and 366?
6
Calculate the greatest common divisor of 60 and 49620.
60
Calculate the greatest common factor of 294 and 20384.
98
What is the highest common divisor of 63992 and 152?
152
What is the greatest common divisor of 296 and 2923?
37
Calculate the greatest common factor of 3298 and 68.
34
What is the greatest common factor of 648 and 6696?
216
What is the greatest common divisor of 459 and 5661?
153
What is the highest common divisor of 629 and 85?
17
What is the highest common factor of 9 and 8271?
9
Calculate the highest common divisor of 14498 and 22.
22
Calculate the highest common divisor of 140 and 490.
70
What is the greatest common divisor of 95 and 40?
5
What is the greatest common factor of 77 and 33?
11
What is the greatest common divisor of 76 and 19?
19
Calculate the greatest common divisor of 12 and 3684.
12
What is the greatest common divisor of 27 and 3?
3
Calculate the highest common factor of 1261 and 13.
13
What is the greatest common factor of 77 and 847?
77
What is the greatest common factor of 20 and 12?
4
What is the highest common factor of 9 and 7?
1
Calculate the greatest common divisor of 2574 and 11.
11
What is the greatest common divisor of 9 and 2313?
9
Calculate the highest common factor of 13710 and 15.
15
What is the highest common divisor of 30 and 510?
30
Calculate the highest common factor of 171 and 76.
19
What is the highest common divisor of 4734 and 18?
18
What is the greatest common factor of 672 and 512?
32
What is the greatest common factor of 286 and 104?
26
Calculate the greatest common factor of 26632 and 8.
8
Calculate the highest common factor of 240 and 105.
15
Calculate the greatest common factor of 50 and 20.
10
What is the highest common divisor of 8 and 5636?
4
Calculate the highest common divisor of 35 and 40.
5
What is the greatest common divisor of 3200 and 50?
50
Calculate the greatest common factor of 856 and 2461.
107
What is the highest common factor of 126 and 70?
14
Calculate the greatest common divisor of 36 and 828.
36
What is the greatest common divisor of 133 and 56?
7
What is the highest common divisor of 1 and 49?
1
What is the greatest common factor of 495 and 75?
15
What is the highest common divisor of 70 and 50?
10
What is the highest common factor of 20 and 410?
10
Calculate the highest common divisor of 11229 and 57.
57
Calculate the highest common factor of 495 and 429.
33
Calculate the highest common factor of 57 and 15.
3
What is the greatest common factor of 440 and 8?
8
Calculate the greatest common divisor of 65 and 1157.
13
What is the highest common factor of 6861 and 3?
3
What is the greatest common factor of 848 and 159?
53
Calculate the highest common divisor of 272 and 34.
34
Calculate the highest common factor of 80 and 820.
20
Calculate the highest common divisor of 11100 and 24.
12
What is the greatest common factor of 9335 and 10?
5
Calculate the highest common factor of 76 and 5472.
76
Calculate the highest common factor of 8 and 24.
8
What is the highest common factor of 504 and 108?
36
What is the highest common factor of 29 and 26100?
29
What is the greatest common divisor of 224 and 280?
56
What is the greatest common factor of 16 and 700?
4
What is the highest common factor of 462 and 396?
66
Calculate the greatest common divisor of 505 and 5.
5
Calculate the greatest common factor of 4782 and 24.
6
Calculate the greatest common factor of 32 and 816.
16
Calculate the highest common factor of 10 and 50.
10
What is the greatest common factor of 9 and 78093?
9
What is the highest common divisor of 22 and 418?
22
What is the greatest common divisor of 285 and 171?
57
Calculate the highest common divisor of 286 and 8294.
286
Calculate the highest common factor of 31 and 15469.
31
What is the greatest common factor of 14297 and 17?
17
Calculate the greatest common factor of 3 and 21402.
3
What is the greatest common factor of 24436 and 164?
164
Calculate the highest common divisor of 77 and 352.
11
Calculate the greatest common factor of 374 and 44.
22
Calculate the greatest common factor of 12 and 108.
12
Calculate the highest common factor of 37 and 76479.
37
Calculate the greatest common divisor of 13 and 26.
13
Calculate the greatest common factor of 6 and 10.
2
What is the highest common divisor of 28 and 34216?
28
What is the highest common factor of 176 and 55?
11
Calculate the greatest common divisor of 1633 and 161.
23
Calculate the greatest common divisor of 55 and 880.
55
What is the greatest common factor of 1482 and 702?
78
What is the greatest common divisor of 55 and 165?
55
Calculate the highest common divisor of 224 and 2408.
56
What is the greatest common divisor of 29 and 348?
29
Calculate the highest common divisor of 2553 and 111.
111
What is the greatest common divisor of 640 and 1200?
80
What is the greatest common divisor of 825 and 105?
15
What is the greatest common factor of 3650 and 50?
50
Calculate the highest common divisor of 2 and 94.
2
Calculate the greatest common divisor of 288 and 40.
8
What is the highest common factor of 1078 and 4410?
98
What is the greatest common divisor of 888 and 1258?
74
What is the highest common divisor of 52 and 8?
4
What is the greatest common divisor of 275 and 14355?
55
What is the greatest common divisor of 200 and 14100?
100
What is the highest common factor of 55 and 385?
55
Calculate the highest common divisor of 568 and 3834.
142
Calculate the greatest common factor of 22 and 23551.
11
Calculate the highest common factor of 555 and 1221.
111
Calculate the greatest common factor of 6 and 38.
2
Calculate the highest common factor of 2 and 9.
1
Calculate the highest common divisor of 12 and 1668.
12
Calculate the highest common divisor of 28 and 567.
7
Calculate the highest common divisor of 280 and 1008.
56
Calculate the greatest common divisor of 1679 and 584.
73
Calculate the highest common divisor of 38 and 13186.
38
Calculate the greatest common factor of 689 and 212.
53
What is the highest common divisor of 3 and 267?
3
What is the highest common divisor of 13 and 1339?
13
Calculate the highest common divisor of 131 and 1048.
131
Calculate the greatest common factor of 310 and 31.
31
What is the highest common factor of 216 and 81?
27
Calculate the highest common divisor of 2323 and 23.
23
Calculate the highest common divisor of 5436 and 576.
36
Calculate the highest common factor of 1 and 73.
1
Calculate the greatest common factor of 828 and 36.
36
Calculate the greatest common divisor of 5 and 51265.
5
Calculate the highest common factor of 678 and 42.
6
Calculate the greatest common divisor of 41 and 123.
41
What is the greatest common divisor of 147 and 609?
21
Calculate the greatest common divisor of 78 and 12.
6
Calculate the greatest common divisor of 16 and 48272.
16
What is the highest common factor of 31 and 992?
31
Calculate the highest common factor of 54 and 153.
9
What is the greatest common divisor of 75 and 15?
15
Calculate the highest common factor of 3960 and 825.
165
What is the highest common factor of 22494 and 92?
46
Calculate the highest common divisor of 2 and 5110.
2
Calculate the greatest common factor of 152 and 779.
19
What is the highest common factor of 320 and 60?
20
Calculate the greatest common divisor of 4128 and 1824.
96
What is the highest common divisor of 60 and 45?
15
Calculate the highest common factor of 294 and 3087.
147
Calculate the greatest common factor of 2667 and 3048.
381
What is the highest common factor of 44 and 484?
44
Calculate the greatest common divisor of 7568 and 1584.
176
What is the highest common divisor of 29705 and 10?
5
Calculate the highest common factor of 4144 and 28.
28
What is the greatest common divisor of 14 and 623?
7
Calculate the greatest co